3 a multiple of 1661?
True
Does 655 divide 89045314?
False
Is 187945755 a multiple of 118?
False
Does 4 divide 573138404?
True
Does 69 divide 690263563?
False
Does 4256 divide 4074350867?
False
Is 46101026 a multiple of 15?
False
Does 54 divide 1516401?
False
Is 1148121033 a multiple of 5039?
True
Does 403 divide 16078894?
True
Does 6036 divide 83671938?
False
Is 20 a factor of 1200957380?
True
Does 592 divide 14011489?
False
Does 9 divide 10862604?
True
Is 6729528 a multiple of 104?
True
Is 16859683 a multiple of 1377?
False
Is 14 a factor of 1551480291?
False
Is 558669040 a multiple of 20?
True
Is 2450068452 a multiple of 846?
True
Is 24 a factor of 10157136?
True
Is 1545072 a multiple of 16?
True
Does 1217 divide 1102798928?
False
Is 64 a factor of 54133364?
False
Does 174 divide 347453292?
True
Does 3853 divide 1780471300?
True
Is 4372910010 a multiple of 6594?
True
Is 168 a factor of 286379352?
True
Is 224 a factor of 2168844384?
True
Is 81 a factor of 3716727363?
True
Is 133 a factor of 20184213?
True
Is 219 a factor of 22053511?
False
Is 41423724 a multiple of 243?
True
Is 5 a factor of 1894730?
True
Is 428952891 a multiple of 2329?
True
Does 86 divide 15260337?
False
Does 516 divide 902769714?
False
Does 161 divide 8185723?
True
Is 1131 a factor of 6352101?
False
Is 1356 a factor of 3784658376?
True
Is 128 a factor of 12740992?
True
Does 14118 divide 5277209574?
True
Is 1456 a factor of 218185694?
False
Is 1025208617 a multiple of 690?
False
Is 22123008 a multiple of 256?
True
Does 3673 divide 255288192?
True
Is 24 a factor of 373402080?
True
Is 659937000 a multiple of 40?
True
Does 298 divide 816063?
False
Is 1019799 a multiple of 3?
True
Does 4 divide 783191464?
True
Is 888 a factor of 454581516?
False
Does 386 divide 2026871?
False
Does 475 divide 38950475?
True
Does 844 divide 74493959?
False
Is 15 a factor of 1032811563?
False
Does 191 divide 12214743?
False
Is 742 a factor of 209014081?
False
Is 11360785 a multiple of 49?
False
Is 2233666352 a multiple of 94?
True
Does 3211 divide 334213724?
True
Is 3766 a factor of 80110352?
True
Is 1095 a factor of 11255505?
True
Is 445 a factor of 32495680?
True
Is 151 a factor of 633233814?
False
Is 5 a factor of 241730910?
True
Is 28924835 a multiple of 5?
True
Is 201417666 a multiple of 70?
False
Is 16098753 a multiple of 148?
False
Is 4 a factor of 355780144?
True
Is 29 a factor of 455851348?
True
Is 202 a factor of 2982839408?
False
Is 60859071 a multiple of 3?
True
Does 199 divide 419888010?
True
Is 507 a factor of 21823869?
False
Is 4776590 a multiple of 461?
False
Does 493 divide 3076255585?
False
Is 841073016 a multiple of 246?
True
Is 123852588 a multiple of 4?
True
Is 4721 a factor of 2365825288?
True
Is 1708 a factor of 2523078067?
False
Does 2502 divide 694812906?
True
Is 29 a factor of 2643871?
False
Is 596981054 a multiple of 847?
False
Is 14919912 a multiple of 56?
True
Is 908 a factor of 142143768?
True
Is 9 a factor of 3868299?
True
Is 17 a factor of 31149610?
True
Is 42 a factor of 49575017?
False
Is 936 a factor of 43220736?
True
Does 2652 divide 77342928?
True
Does 9 divide 598057911?
True
Is 97 a factor of 33507566?
False
Does 38 divide 1466350?
False
Is 25 a factor of 141787925?
True
Is 178323862 a multiple of 138?
False
Does 49 divide 1965428153?
False
Is 1072426470 a multiple of 34?
True
Is 37664086 a multiple of 2?
True
Does 815 divide 726814934?
False
Is 1553 a factor of 431190998?
False
Is 206 a factor of 60757434?
True
Is 19 a factor of 2328015910?
False
Is 126 a factor of 53559072?
True
Does 4 divide 20057427?
False
Does 14 divide 1361075184?
True
Does 2489 divide 10763848?
False
Does 1117 divide 99325874?
True
Is 888 a factor of 61131696?
True
Is 1241 a factor of 16678992?
False
Does 4237 divide 450812563?
True
Is 31538895 a multiple of 15?
True
Does 1699 divide 466341613?
False
Is 21 a factor of 69179580?
False
Is 188062220 a multiple of 215?
True
Is 1508 a factor of 32148717?
False
Is 12 a factor of 237629034?
False
Does 75 divide 49720996?
False
Is 9114832 a multiple of 32?
False
Is 280441810 a multiple of 19?
False
Is 5212102 a multiple of 192?
False
Is 36191880 a multiple of 3243?
True
Does 8750 divide 474355000?
True
Does 36 divide 22428318?
False
Is 8707 a factor of 97196241?
True
Does 549 divide 123708366?
True
Is 206875167 a multiple of 541?
False
Is 152 a factor of 88255330?
False
Does 6 divide 29708280?
True
Does 21 divide 290977170?
False
Does 2 divide 5082338?
True
Is 117317673 a multiple of 99?
True
Is 16 a factor of 27154800?
True
Does 15 divide 894584875?
False
Does 1654 divide 508829588?
False
Does 13 divide 639195817?
True
Does 5 divide 29634010?
True
Is 287601277 a multiple of 24?
False
Is 29264693 a multiple of 41?
True
Does 7 divide 3454505467?
True
Is 21486740 a multiple of 1934?
True
Does 4 divide 19911033?
False
Does 3567 divide 1605884802?
True
Does 69 divide 510633603?
True
Does 7 divide 36100393?
True
Is 15243475 a multiple of 25?
True
Does 1829 divide 30783899?
True
Is 537 a factor of 40108955?
False
Does 735 divide 21604590?
True
Does 99 divide 70288402?
False
Does 393 divide 190856520?
True
Does 1831 divide 29816017?
False
Is 464198 a multiple of 4?
False
Does 311 divide 20631440?
False
Does 6 divide 155932000?
False
Is 164 a factor of 203459876?
True
Does 52 divide 36482732?
True
Is 1273312628 a multiple of 8134?
True
Does 66 divide 298536529?
False
Is 5928787360 a multiple of 20?
True
Is 26 a factor of 22053902?
True
Is 79314620 a multiple of 55?
True
Is 7 a factor of 202091923?
False
Is 58 a factor of 40862740?
True
Is 144843505 a multiple of 113?
False
Is 12548075 a multiple of 25?
True
Does 3814 divide 403972847?
False
Is 1877776932 a multiple of 35?
False
Does 203 divide 217139493?
False
Does 32 divide 990118592?
True
Is 465719376 a multiple of 1755?
False
Is 2274477 a multiple of 15?
False
Is 18 a factor of 78308478?
True
Is 220153514 a multiple of 967?
False
Is 354893443 a multiple of 19?
False
Does 626 divide 1366732654?
True
Does 146 divide 51980940?
False
Is 4331231 a multiple of 16?
False
Does 73 divide 32627861?
True
Is 19 a factor of 3506176970?
True
Is 251 a factor of 57355006?
True
Is 532 a factor of 1981402612?
True
Is 23 a factor of 1488744451?
False
Is 232697984 a multiple of 64?
True
Does 9 divide 217775412?
True
Does 217 divide 91329657?
False
Is 13 a factor of 10836397?
True
Is 1699 a factor of 5653209467?
False
Is 120099875 a multiple of 915?
False
Is 35563048 a multiple of 116?
True
Does 5 divide 171244459?
False
Is 15504600 a multiple of 37?
False
Is 92 a factor of 29636304?
False
Is 363 a factor of 26923347?
True
Does 763 divide 58335449?
False
Is 40678232 a multiple of 196?
True
Is 4014165935 a multiple of 12035?
True
Is 320592852 a multiple of 19?
True
Is 109590090 a multiple of 3739?
True
Does 22 divide 549900934?
True
Is 333 a factor of 7510815?
True
Does 39 divide 533287599?
True
Is 144450996 a multiple of 5?
False
Is 4898 a factor of 560517324?
True
Is 18373960 a multiple of 44?
True
Is 3 a factor of 31838099?
False
Does 9 divide 26177301?
True
Is 39 a factor of 95015037?
True
Is 512228109 a multiple of 198?
False
Is 10 a factor of 307212837?
False
Is 505 a factor of 229657078?
False
Is 307 a factor of 39586215?
False
Is 294 a factor of 464479722?
True
Is 2 a factor of 614018?
True
Is 72757170 a multiple of 135?
True
Does 231 divide 653764881?
True
Is 1698804420 a multiple of 20?
True
Is 4084926301 a multiple of 139?
True
Is 69367328 a multiple of 76?
True
Is 13025688 a multiple of 9?
False
Is 525123772 a multiple of 742?
False
Does 153 divide 77571918?
True
Does 576 divide 104496097?
False
Is 1457 a factor of 9694878?
True
Does 21 divide 55734136?
False
Does 3 divide 186370602?
True
Does 4 divide 23126556?
True
Is 52374440 a multiple of 1493?
True
Is 32303600 a multiple of 20?
True
Is 14 a factor of 138687598?
True
Is 62955734 a multiple of 818?
True
Is 16925835 a multiple of 7?
False
Does 5 divide 157715835?
True
Does 53 divide 9585474?
True
Is 120415796 a multiple of 457?
False
Is 114585440 a multiple of 136?
True
Is 17307027 a multiple of 9?
True
Is 124 a factor of 10378338?
False
Is 206321096 a multiple of 222?
False
Does 148 divide 2008692112?
True
Does 970 divide 70003918?
False
Is 50258804